14 and q?
7
Suppose 4*k + 10 + 6 = 0. Let x be (-73)/k - 6/24. What is the highest common factor of x and 90?
18
Let c be (0 + -6*7)/(-1). Let l be 14/c*(1 - -5). Suppose i - 50 = -5*y, l*y - 27 = -2*i + 3*i. What is the highest common factor of y and 55?
11
Let y be 10/15*108/8. Let u(a) = 5*a**2 - a - 6. Let r be u(3). What is the highest common divisor of y and r?
9
Let k be (-21)/(-42) + 290/4. Suppose 0 = -4*r - 1 + k. Calculate the highest common divisor of r and 36.
18
Suppose -4*g + 1 + 3 = 0. Let l be (-11)/(-2) - g/(-2). Let j be (-136)/(-56) + (-8)/(-14). Calculate the greatest common divisor of j and l.
3
Suppose 6*z = -b + z + 48, 102 = 4*b + 2*z. Suppose b*q - 27*q + 160 = 0. What is the highest common factor of q and 40?
40
Let r be (2 - 1)/(1/35). What is the highest common divisor of 45 and r?
5
Suppose -5*z + 3*m + 2*m + 425 = 0, -2*m - 8 = 0. Let b = -80 + z. Let k(g) = -3*g - 4. Let n be k(-4). Calculate the greatest common divisor of n and b.
1
Let d = 149 + -59. Suppose -2*z = -z - 10. What is the highest common factor of z and d?
10
Suppose 63*z - 52272 = -69*z. What is the greatest common factor of 72 and z?
36
Let t = -97 + 181. What is the highest common factor of 28 and t?
28
Suppose 0 = -2*q - 3*q + 90. Let m be (q/21)/(2/7). Let s be (2 - -13) + 0 + m. Calculate the highest common divisor of 27 and s.
9
Let x = 908 - 896. Calculate the highest common divisor of 372 and x.
12
Let j = 1169 - 1117. Calculate the greatest common divisor of 1664 and j.
52
Suppose 1596 = 27*y - 8*y. Calculate the highest common divisor of 12 and y.
12
Let w be (-2)/(60/304 + (-3)/12). What is the highest common factor of 323 and w?
19
Suppose -2*a + 42 = -422. Calculate the highest common factor of a and 8.
8
Suppose -2*p + s + 10 = -12, 0 = p - 3*s - 6. What is the greatest common divisor of p and 1212?
12
Suppose -3*b = -5*p - 8, p + 24 = 5*b - 2*p. Let a = -122 - -176. Calculate the highest common divisor of a and b.
6
Let m = 62 - -37. Calculate the highest common divisor of 66 and m.
33
Let t be ((-78)/130)/((-2)/300). Calculate the greatest common divisor of t and 162.
18
Let u(i) = -i**2 - 47*i - 16. Let t be u(-28). What is the highest common factor of 43 and t?
43
Let i = -319 + 471. What is the greatest common factor of 114 and i?
38
Let d be -2*-62*3/12. Calculate the greatest common divisor of d and 527.
31
Let i be (-1)/((0 - -4)/(-8)). Suppose g + 2*g = 60. Suppose 0 = 5*a - 3*a - g. What is the highest common factor of i and a?
2
Let q = -13 - -63. Let s be (96/120)/((-4)/(-50)). Calculate the highest common factor of s and q.
10
Suppose -4*o + 6*o = -q - 30, o = 3*q + 97. Suppose 0 = -3*m - 102 + 42. Let r = m - q. Calculate the greatest common divisor of r and 60.
12
Suppose -7*d + 224 = -6*d. Let v be d/10 + 2/(-5). Calculate the greatest common divisor of v and 11.
11
Let d = 274 - 126. Calculate the greatest common divisor of 74 and d.
74
Suppose -1 = -r + 4. Suppose g + r*y = -20, 3*y - 15 = 6*y. What is the greatest common factor of 5 and g?
5
Suppose 38 = 4*b - 26. What is the greatest common divisor of b and 144?
16
Suppose -5*b - s = -11, -4*b + 3*s + 4 = 5*s. What is the highest common divisor of b and 1461?
3
Suppose 0 = h + 443 - 504. Calculate the greatest common factor of h and 671.
61
Suppose 3*f + 16 = -5*v, -5*v - 3*f - 2 = -7*v. Let n = 95 + -33. Let i be -2 + 3 + (n - v). Calculate the highest common divisor of 13 and i.
13
Let m = -4290 + 2346. Let t be (-2)/8 - m/96. Calculate the highest common divisor of 50 and t.
10
Let u = 25 + -21. Suppose x + 3*p - 44 = 0, u*x - 2*p = 2*p + 128. What is the greatest common factor of 7 and x?
7
Let q = -2 + 31. Suppose 3*r - q = 13. What is the greatest common factor of 42 and r?
14
Let r = -134 - -302. What is the highest common divisor of 24 and r?
24
Suppose 1008 = 13*y - 3984. Calculate the highest common factor of 24 and y.
24
Suppose 3*a = 3*f - 219, -362 = -7*f + 2*f + 2*a. What is the highest common divisor of f and 40?
8
Suppose 5*n = 2*p + 15, p + 5*n = n - 14. Let c = p + 14. Suppose 0 = a + c*a - 100. What is the highest common factor of a and 140?
20
Let d be (-6 - 36/(-6)) + 159. What is the greatest common divisor of d and 106?
53
Suppose 0 = 5*a + 10, -5*p - 4*a + 79 = -a. Let i = -144 + 161. What is the greatest common divisor of i and p?
17
Let r(q) = -q. Let m(v) = 4*v + 36. Let s(g) = -m(g) - 12*r(g). Let j be s(5). Calculate the greatest common factor of j and 10.
2
Let y be 438/8 - (-2)/8. Calculate the highest common divisor of 275 and y.
55
Let h(c) = -8*c + 13. Let v(d) = -15*d + 26. Let b(t) = 5*h(t) - 3*v(t). Let k be b(4). Calculate the highest common factor of k and 56.
7
Suppose -48 = -2*t - 4*t. Let w(f) = 11*f - 5 + 3 + t. Let d be w(9). Calculate the highest common factor of 42 and d.
21
Suppose -146 - 139 = -5*r. Let b = r - 1. What is the greatest common divisor of b and 16?
8
Suppose 3*y = 5 + 79. What is the greatest common factor of 36 and y?
4
Let z = 449 - 440. What is the highest common factor of 801 and z?
9
Let f be 13/((-3)/(-15)*(-7)/(-14)). What is the highest common divisor of 130 and f?
130
Suppose 0 = -3*z + 4*t + 352, 3*z - t = 11 + 329. Let a be (7 - 1)/(18/48). Calculate the greatest common factor of z and a.
16
Suppose 6*r + 767 = 2087. Calculate the highest common divisor of 11 and r.
11
Let r be (7 + -8 + 8)*29. What is the highest common divisor of 87 and r?
29
Let m be (4/20*-35)/(0 + -1). Suppose 2*c + 0 = 4. Suppose -50 = -2*q - h + 3*h, -c*h + 34 = q. What is the highest common divisor of q and m?
7
Suppose 2*b - 2*z = 484, 27*b - 2*z + 726 = 30*b. What is the greatest common factor of 22 and b?
22
Let b = -62 + 64. Suppose -36 = -r - 5*z, 26 = -r + b*r + 3*z. What is the highest common factor of 99 and r?
11
Let c be 5*(-4 + 0 + 3). Let g = c - -7. Suppose g*u + 240 = 4*u. Calculate the highest common factor of 24 and u.
24
Suppose -29*u + 992 = -13624. What is the greatest common factor of u and 56?
56
Suppose -33*b = 1828 - 8659. Calculate the greatest common divisor of 46 and b.
23
Let p(a) = 2*a**2 + 4*a**2 - 4*a**2 + 2*a - 13 + 5*a. Let k be p(-10). Calculate the greatest common factor of k and 13.
13
Let z(t) = 6*t**2 - 131*t - 18. Let q be z(22). Calculate the highest common factor of 356 and q.
4
Suppose -5*o = 2*l - 1196, 11*l - 12*l = -2*o + 473. What is the greatest common divisor of 170 and o?
34
Let l be (-5)/(-10*6/24). Suppose l*c - 2*t = 22, 4*c + 3*t = 4*t + 59. Calculate the highest common factor of 88 and c.
8
Suppose 97 = 5*n + 2. Let w = 420 + -268. What is the highest common factor of w and n?
19
Let g = -20 - -28. Let j(z) = -z**3 + 7*z**2 + 9*z + 10. Let d be j(g). Let o = d + -10. What is the highest common divisor of 40 and o?
8
Let x(g) = -g**3 + 5*g**2 + 5*g + 14. Let u be x(6). Suppose -3*w = -4*k - 27, u*w = 3*w - 4*k + 77. What is the highest common divisor of w and 13?
13
Suppose 151*b - 3908 = -40*b + 2968. Suppose -5*j - z + 39 = 0, 5*j - 5*z - 41 - 4 = 0. What is the greatest common divisor of b and j?
4
Let k = -59 + 65. Let x be (-2)/((14/k - 3) + 0). Suppose -11 = 5*j - 116. Calculate the highest common divisor of j and x.
3
Let z(l) = 8*l - 17*l - 4 + 9*l**2 - 3*l**2. Let s be z(4). Let f(k) = 2*k - 6. Let m be f(7). What is the greatest common divisor of m and s?
8
Let w be (-4 + 2)*(-4)/1. Suppose 0 = 4*g - 3*t + 11 - 37, -5*t = -10. Calculate the greatest common factor of w and g.
8
Let n = -8 - -8. Let r be 7 - 18 - (n + 2). Let x = r + 25. Calculate the greatest common factor of x and 84.
12
Let o(i) be the third derivative of -1/6*i**4 + i**2 + 0 + 0*i - 7/3*i**3. Let v be o(-6). Calculate the greatest common divisor of v and 5.
5
Suppose y - 2 = 1. Suppose -y*r = -5*d - 80, 5*d = -0*d + 10. What is the greatest common divisor of r and 12?
6
Suppose -24 + 66 = 2*k. Calculate the highest common factor of 21 and k.
21
Let b(g) = 8*g**2 + 2*g + 2. Let c be b(3). Let o(p) = 22*p - 12. Let q be o(2). What is the highest common divisor of c and q?
16
Let y(f) = f**3 - 11*f**2 - 13*f + 15. Let l be y(12). Let q be ((-2)/(-3))/(1/l). Suppose -d = 4 - 6. What is the greatest common factor of q and d?
2
Suppose 3*j - 15 = -0*j. Let o(p) = p**2 - 2*p + 5. Let c be 